{"id":607,"date":"2020-09-16T08:42:21","date_gmt":"2020-09-16T08:42:21","guid":{"rendered":"http:\/\/pcelarins.org.rs\/?page_id=607"},"modified":"2020-09-16T08:43:23","modified_gmt":"2020-09-16T08:43:23","slug":"panian-stanko","status":"publish","type":"page","link":"https:\/\/pcelarins.org.rs\/?page_id=607","title":{"rendered":"PANIAN STANKO"},"content":{"rendered":"\t\t<div data-elementor-type=\"wp-page\" data-elementor-id=\"607\" class=\"elementor elementor-607\">\n\t\t\t\t\t\t<header class=\"elementor-section elementor-top-section elementor-element elementor-element-5bd430dc elementor-section-height-min-height elementor-section-items-bottom elementor-section-boxed elementor-section-height-default\" data-id=\"5bd430dc\" data-element_type=\"section\" data-settings=\"{&quot;background_background&quot;:&quot;classic&quot;}\">\n\t\t\t\t\t\t\t<div class=\"elementor-background-overlay\"><\/div>\n\t\t\t\t\t\t\t<div class=\"elementor-container elementor-column-gap-wider\">\n\t\t\t\t\t<div class=\"elementor-column elementor-col-50 elementor-top-column elementor-element elementor-element-70446386\" data-id=\"70446386\" data-element_type=\"column\">\n\t\t\t<div class=\"elementor-widget-wrap elementor-element-populated\">\n\t\t\t\t\t\t<div class=\"elementor-element elementor-element-612166c9 elementor-widget elementor-widget-heading\" data-id=\"612166c9\" data-element_type=\"widget\" data-widget_type=\"heading.default\">\n\t\t\t\t<div class=\"elementor-widget-container\">\n\t\t\t\t\t<h1 class=\"elementor-heading-title elementor-size-default\">PANIAN STANKO <\/h1>\t\t\t\t<\/div>\n\t\t\t\t<\/div>\n\t\t\t\t<div class=\"elementor-element elementor-element-3dc50941 elementor-widget elementor-widget-heading\" data-id=\"3dc50941\" data-element_type=\"widget\" data-widget_type=\"heading.default\">\n\t\t\t\t<div class=\"elementor-widget-container\">\n\t\t\t\t\t<h3 class=\"elementor-heading-title elementor-size-default\">(1914 \u2013 2003)<\/h3>\t\t\t\t<\/div>\n\t\t\t\t<\/div>\n\t\t\t\t\t<\/div>\n\t\t<\/div>\n\t\t\t\t<div class=\"elementor-column elementor-col-50 elementor-top-column elementor-element elementor-element-772cddfa elementor-invisible\" data-id=\"772cddfa\" data-element_type=\"column\" data-settings=\"{&quot;background_background&quot;:&quot;classic&quot;,&quot;animation&quot;:&quot;fadeIn&quot;}\">\n\t\t\t<div class=\"elementor-widget-wrap\">\n\t\t\t\t\t\t\t<\/div>\n\t\t<\/div>\n\t\t\t\t\t<\/div>\n\t\t<\/header>\n\t\t\t\t<section class=\"elementor-section elementor-top-section elementor-element elementor-element-1c41d4a1 elementor-section-boxed elementor-section-height-default elementor-section-height-default\" data-id=\"1c41d4a1\" data-element_type=\"section\" data-settings=\"{&quot;background_background&quot;:&quot;classic&quot;}\">\n\t\t\t\t\t\t\t<div class=\"elementor-background-overlay\"><\/div>\n\t\t\t\t\t\t\t<div class=\"elementor-container elementor-column-gap-wide\">\n\t\t\t\t\t<div class=\"elementor-column elementor-col-100 elementor-top-column elementor-element elementor-element-5b4d531c\" data-id=\"5b4d531c\" data-element_type=\"column\">\n\t\t\t<div class=\"elementor-widget-wrap elementor-element-populated\">\n\t\t\t\t\t\t<div class=\"elementor-element elementor-element-51a444aa elementor-invisible elementor-widget elementor-widget-image\" data-id=\"51a444aa\" data-element_type=\"widget\" data-settings=\"{&quot;_animation&quot;:&quot;fadeIn&quot;,&quot;_animation_delay&quot;:100}\" data-widget_type=\"image.default\">\n\t\t\t\t<div class=\"elementor-widget-container\">\n\t\t\t\t\t\t\t\t\t\t\t\t\t\t\t<img decoding=\"async\" width=\"150\" height=\"180\" src=\"https:\/\/pcelarins.org.rs\/wp-content\/uploads\/2020\/09\/panian_stanko.jpg\" class=\"attachment-large size-large wp-image-488\" alt=\"\" \/>\t\t\t\t\t\t\t\t\t\t\t\t\t\t\t<\/div>\n\t\t\t\t<\/div>\n\t\t\t\t<div class=\"elementor-element elementor-element-56fd4fc8 elementor-widget elementor-widget-heading\" data-id=\"56fd4fc8\" data-element_type=\"widget\" data-widget_type=\"heading.default\">\n\t\t\t\t<div class=\"elementor-widget-container\">\n\t\t\t\t\t<h3 class=\"elementor-heading-title elementor-size-default\">Panian Stanko je ro\u0111en 1914. godine u Petrovaradinu. Po zanimanju je bio trgovac, ali se veoma kratko bavio trgovinom, jer se opredelio za p\u010delarstvo, kojim se po\u010deo baviti 1930. godine. Prvu ko\u0161nicu kupio od Urbana Topalovi\u0107a za 200 dinara (1 roj) 1931. godine, i uzimio 1 kom. (amerikanka) sa dosta meda. (iz njegovog dnevnika), 1932. godine kupio 3 roja iz Karlovaca, 1933. kupio 6 kom. Standard ko\u0161nica, uzimio 8 kom\u2026 itd.<\/h3>\t\t\t\t<\/div>\n\t\t\t\t<\/div>\n\t\t\t\t<div class=\"elementor-element elementor-element-4209dbe elementor-widget-divider--view-line elementor-invisible elementor-widget elementor-widget-divider\" data-id=\"4209dbe\" data-element_type=\"widget\" data-settings=\"{&quot;_animation&quot;:&quot;fadeIn&quot;,&quot;_animation_delay&quot;:200}\" data-widget_type=\"divider.default\">\n\t\t\t\t<div class=\"elementor-widget-container\">\n\t\t\t\t\t\t\t<div class=\"elementor-divider\">\n\t\t\t<span class=\"elementor-divider-separator\">\n\t\t\t\t\t\t<\/span>\n\t\t<\/div>\n\t\t\t\t\t\t<\/div>\n\t\t\t\t<\/div>\n\t\t\t\t\t<\/div>\n\t\t<\/div>\n\t\t\t\t\t<\/div>\n\t\t<\/section>\n\t\t\t\t<section class=\"elementor-section elementor-top-section elementor-element elementor-element-10147930 elementor-section-content-middle elementor-section-boxed elementor-section-height-default elementor-section-height-default\" data-id=\"10147930\" data-element_type=\"section\" data-settings=\"{&quot;background_background&quot;:&quot;classic&quot;}\">\n\t\t\t\t\t\t<div class=\"elementor-container elementor-column-gap-wider\">\n\t\t\t\t\t<div class=\"elementor-column elementor-col-100 elementor-top-column elementor-element elementor-element-154d2d41\" data-id=\"154d2d41\" data-element_type=\"column\">\n\t\t\t<div class=\"elementor-widget-wrap elementor-element-populated\">\n\t\t\t\t\t\t<div class=\"elementor-element elementor-element-681f3a11 elementor-invisible elementor-widget elementor-widget-heading\" data-id=\"681f3a11\" data-element_type=\"widget\" data-settings=\"{&quot;_animation&quot;:&quot;fadeIn&quot;,&quot;_animation_delay&quot;:200}\" data-widget_type=\"heading.default\">\n\t\t\t\t<div class=\"elementor-widget-container\">\n\t\t\t\t\t<span class=\"elementor-heading-title elementor-size-default\">Selio se prvi put u Suboticu na bagrem i Temerin 1938. godine. Mo\u017ee se re\u0107i da je svoj p\u010delarski \u017eivot proveo putuju\u0107i sa ko\u0161nicama, aktuelnim prevoznim sredstvom. Sa njim je putovala i radila sve poslove oko p\u010dela supruga Zagorka.\nBio je \u010dlan Centralnog p\u010delarskog udru\u017eenja Vojvodina od 1946. godine, a 1947. je dobio Uverenje za poha\u0111anje prakti\u010dnog te\u010daja koji je kao slu\u0161alac stekao pravo da mo\u017ee biti rukovodilac p\u010delinjaka. Te\u010daj je organizovalo CPU Vojvodina u Novom Sadu, a nastavnici su bili poznati p\u010delari: Milivoj Bugarski, Nedeljko Divac i Andrija Mudroh. Sekretar CPU Vojvodina bio je Vladimir Vi\u0161o\u0161evi\u0107.\nSelio se po Ba\u010dkoj do 1947, a avgusta 1947. godine otputovao je prvi put u Dalmaciju i Liku, da izvidi pa\u0161u. Ko\u0161nice je pove\u0107avao, sele\u0107i je unapre\u0111ivao p\u010delarski rad: Na primer, 1949. god. Selio: Biokovska \u017eupa, Bosna, Split (sa dva kamiona), Kisa\u010d, opet Pelje\u0161ac, Hvar. 1950: Hvar, Plo\u010de, Neretva, Bosna, Slovenija, Lika (Medak), Hvar, Split, Petrovaradin. Osamdesetih godina imao je preko 100 ko\u0161nica i nastavljaju\u0107i sa radom do\u0161ao je do 300 ko\u0161nica. Na Hvaru je p\u010delario preko 20 godina\u2026 P\u010delarstvom se bavio zbog ljubavi prema prirodi i p\u010delai, ali p\u010delarenje mu je donosilo i znatni prihod. Najunosnija je bila 1963. godina, kada je sakupio znatnu koli\u010dinu meda od vreska. Sa njim se sa 200 ko\u0161nica selio i \u0160tefan Cimerman, p\u010delar iz Petrovaradina, Janko Privizer, p\u010delar iz Kisa\u010da, kao i drugi p\u010delari. Uredno je vodio p\u010delarski dnevnik od 1931. godine, kada, gde i sa kime se selio, na koju vrstu bilja i kako je medilo, ve\u0107 prema vremenskim uslovima.\n\nNa Godi\u0161njoj skup\u0161tini CPU Vojvodina, 1969. godine, biran je u Upravni odbor i Kandidacionu komisiju. CPU Vojvodina je tada imalo 24 podru\u017enice u Vojvodini.\nPristupnicom se u\u010dlanio u Dru\u0161tvo p\u010delara ,,Jovan \u017divanovi\u0107\u201c Novi Sad, 19. februara 1973. godine. Jedan je od 10 osniva\u010da i na Osniva\u010dkoj skup\u0161tini 1973. izabran je za podpredsednika Upravnog odbora Dru\u0161tva p\u010delara ,,Jovan \u017divanovi\u0107\u201c u Novom Sadu.\nBio je \u010dlan Upravnog odbora (1978.) i \u010dlan Predsedni\u0161tva Dru\u0161tva (1981.). Bio je u\u010desnik, izlaga\u010d i \u010dlan Uprave Sajma p\u010delarstva i sajamske p\u010delarske berze na IV. Me\u0111unarodnom specijalizovanom sajmu p\u010delarstva (prva Evropska p\u010delarska berza) \u2013 Prvi Sajam p\u010delarstva Evrope u Somboru 1981. god. Kao \u010dlan Uprave tog sajma govorio je o perspektivi medonosne pa\u0161e u SAP Vojvodini.\nPose\u0107ivao je i druga okupljanja p\u010delara, naro\u010dito u Beogradu (Dom sindikata, Dom Pionira, Ta\u0161majdan). Uz njega je neprekidno sve p\u010delarske poslove radila supruga Slavica. Na p\u010delarenje po \u010ditavoj zemlji vodili su sina Vjekoslava (Stanka), danas aktivnog p\u010delara, koji je nastavio porodi\u010dnu tradiciju.\n\nU svom dugogodi\u0161njem p\u010delarenju dobio je bezbroj priznanja, me\u0111u kojima su najzna\u010dajnija:\nOrden rada sa srebrnim vencem \u2013 Napredni p\u010delar Jugoslavije\nSrebrna medalja SPO Beorgad, 1978.\nTri zlatne medalje SPO Beograd, 1982., 1984., 1984.\nSrebrna medalja SPO Beograd, 1978., 1984., 1984., 1984.\nSrebrni nov\u010di\u0107 sa likom Josipa Broza Tita, predsednika SFRJ, Sombor, 1984.\nPehar \u2013 P.S. sajam p\u010delarstva, Sombor, 1984. \u2013 \u0161ampion sajma.\nBronzana medalja Apiflora, izlo\u017eba Cve\u0107e i p\u010dele 1985.\nDiploma na Me\u0111unarodnom sajmu p\u010delarstva u Jugoslaviji, Sombor, 1986.\nPohvalnica, 1988. za uspeh na privatnom p\u010delinjaku\nDve bronzane medalje na Festivalu meda u Novom Sadu, 1996., 1997.\nSP P\u010delar XX veka \u2013Vojvodina, Svetski sajam p\u010delarstva i svcetska p\u010delarska berza, Baden bie Wien, od 20-22. X. 2000. god.\nPovelja SPOS-a u znak priznanja za aktivnosti i zasluge u razvoju naprednog p\u010delarstva, 1983. god.\nDiploma za u\u010de\u0161\u0107e na Savjetovanju p\u010delara, Zagreb, 1983. i 1984. (kao predava\u010d)\n\nVi\u0161e Diploma, Pohvalnica, Zahvalnica itd. lokalnog i \u0161ireg podru\u010dja i zna\u010daja.<\/span>\t\t\t\t<\/div>\n\t\t\t\t<\/div>\n\t\t\t\t\t<\/div>\n\t\t<\/div>\n\t\t\t\t\t<\/div>\n\t\t<\/section>\n\t\t\t\t<section class=\"elementor-section elementor-top-section elementor-element elementor-element-335e59ff elementor-section-boxed elementor-section-height-default elementor-section-height-default\" data-id=\"335e59ff\" data-element_type=\"section\" data-settings=\"{&quot;background_background&quot;:&quot;classic&quot;}\">\n\t\t\t\t\t\t<div class=\"elementor-container elementor-column-gap-default\">\n\t\t\t\t\t<div class=\"elementor-column elementor-col-25 elementor-top-column elementor-element elementor-element-72d9f87b\" data-id=\"72d9f87b\" data-element_type=\"column\">\n\t\t\t<div class=\"elementor-widget-wrap elementor-element-populated\">\n\t\t\t\t\t\t<div class=\"elementor-element elementor-element-27d6cae elementor-widget elementor-widget-image\" data-id=\"27d6cae\" data-element_type=\"widget\" data-widget_type=\"image.default\">\n\t\t\t\t<div class=\"elementor-widget-container\">\n\t\t\t\t\t\t\t\t\t\t\t\t\t\t\t<img decoding=\"async\" src=\"https:\/\/pcelarins.org.rs\/wp-content\/uploads\/elementor\/thumbs\/og-logo-removebg-preview-ov9354ejwybsofipgs9m02ipfbrpel6ffhtpau9b8g.png\" title=\"og-logo-removebg-preview\" alt=\"og-logo-removebg-preview\" loading=\"lazy\" \/>\t\t\t\t\t\t\t\t\t\t\t\t\t\t\t<\/div>\n\t\t\t\t<\/div>\n\t\t\t\t<div class=\"elementor-element elementor-element-744bd1ca elementor-widget elementor-widget-text-editor\" data-id=\"744bd1ca\" data-element_type=\"widget\" data-widget_type=\"text-editor.default\">\n\t\t\t\t<div class=\"elementor-widget-container\">\n\t\t\t\t\t\t\t\t\t<p>Jedna dve izdvojene re\u010denice od predsednika udru\u017eenja.<\/p>\t\t\t\t\t\t\t\t<\/div>\n\t\t\t\t<\/div>\n\t\t\t\t\t<\/div>\n\t\t<\/div>\n\t\t\t\t<div class=\"elementor-column elementor-col-25 elementor-top-column elementor-element elementor-element-4bf5bedd\" data-id=\"4bf5bedd\" data-element_type=\"column\">\n\t\t\t<div class=\"elementor-widget-wrap elementor-element-populated\">\n\t\t\t\t\t\t<div class=\"elementor-element elementor-element-526512c6 envato-kit-138-bracket elementor-widget elementor-widget-heading\" data-id=\"526512c6\" data-element_type=\"widget\" data-widget_type=\"heading.default\">\n\t\t\t\t<div class=\"elementor-widget-container\">\n\t\t\t\t\t<h3 class=\"elementor-heading-title elementor-size-default\">Meni<\/h3>\t\t\t\t<\/div>\n\t\t\t\t<\/div>\n\t\t\t\t<div class=\"elementor-element elementor-element-336efa16 elementor-widget elementor-widget-wp-widget-nav_menu\" data-id=\"336efa16\" data-element_type=\"widget\" data-widget_type=\"wp-widget-nav_menu.default\">\n\t\t\t\t<div class=\"elementor-widget-container\">\n\t\t\t\t\t<nav class=\"menu-srpski-meni-container\" aria-label=\"Menu\"><ul id=\"menu-srpski-meni\" class=\"menu\"><li id=\"menu-item-86\" class=\"menu-item menu-item-type-post_type menu-item-object-page menu-item-home menu-item-86\"><a href=\"https:\/\/pcelarins.org.rs\/\" class=\"menu-link\">Po\u010detna<\/a><\/li>\n<li id=\"menu-item-99\" class=\"menu-item menu-item-type-custom menu-item-object-custom menu-item-99\"><a href=\"#\" class=\"menu-link\">Dru\u0161tvo<\/a><\/li>\n<\/ul><\/nav>\t\t\t\t<\/div>\n\t\t\t\t<\/div>\n\t\t\t\t\t<\/div>\n\t\t<\/div>\n\t\t\t\t<div class=\"elementor-column elementor-col-25 elementor-top-column elementor-element elementor-element-75021d9a\" data-id=\"75021d9a\" data-element_type=\"column\">\n\t\t\t<div class=\"elementor-widget-wrap elementor-element-populated\">\n\t\t\t\t\t\t<div class=\"elementor-element elementor-element-384adffb envato-kit-138-bracket elementor-widget elementor-widget-heading\" data-id=\"384adffb\" data-element_type=\"widget\" data-widget_type=\"heading.default\">\n\t\t\t\t<div class=\"elementor-widget-container\">\n\t\t\t\t\t<h3 class=\"elementor-heading-title elementor-size-default\">Propisi<\/h3>\t\t\t\t<\/div>\n\t\t\t\t<\/div>\n\t\t\t\t<div class=\"elementor-element elementor-element-21105bc4 elementor-mobile-align-center elementor-icon-list--layout-traditional elementor-list-item-link-full_width elementor-widget elementor-widget-icon-list\" data-id=\"21105bc4\" data-element_type=\"widget\" data-widget_type=\"icon-list.default\">\n\t\t\t\t<div class=\"elementor-widget-container\">\n\t\t\t\t\t\t\t<ul class=\"elementor-icon-list-items\">\n\t\t\t\t\t\t\t<li class=\"elementor-icon-list-item\">\n\t\t\t\t\t\t\t\t\t\t\t<span class=\"elementor-icon-list-icon\">\n\t\t\t\t\t\t\t<i aria-hidden=\"true\" class=\"fas fa-angle-right\"><\/i>\t\t\t\t\t\t<\/span>\n\t\t\t\t\t\t\t\t\t\t<span class=\"elementor-icon-list-text\">Propisi vezani za p\u010delarstvo<\/span>\n\t\t\t\t\t\t\t\t\t<\/li>\n\t\t\t\t\t\t\t\t<li class=\"elementor-icon-list-item\">\n\t\t\t\t\t\t\t\t\t\t\t<span class=\"elementor-icon-list-icon\">\n\t\t\t\t\t\t\t<i aria-hidden=\"true\" class=\"fas fa-angle-right\"><\/i>\t\t\t\t\t\t<\/span>\n\t\t\t\t\t\t\t\t\t\t<span class=\"elementor-icon-list-text\">Akta dru\u0161tva<\/span>\n\t\t\t\t\t\t\t\t\t<\/li>\n\t\t\t\t\t\t<\/ul>\n\t\t\t\t\t\t<\/div>\n\t\t\t\t<\/div>\n\t\t\t\t\t<\/div>\n\t\t<\/div>\n\t\t\t\t<div class=\"elementor-column elementor-col-25 elementor-top-column elementor-element elementor-element-33705f3d\" data-id=\"33705f3d\" data-element_type=\"column\">\n\t\t\t<div class=\"elementor-widget-wrap elementor-element-populated\">\n\t\t\t\t\t\t<div class=\"elementor-element elementor-element-685cd268 envato-kit-138-bracket elementor-widget elementor-widget-heading\" data-id=\"685cd268\" data-element_type=\"widget\" data-widget_type=\"heading.default\">\n\t\t\t\t<div class=\"elementor-widget-container\">\n\t\t\t\t\t<h3 class=\"elementor-heading-title elementor-size-default\">Social Media<\/h3>\t\t\t\t<\/div>\n\t\t\t\t<\/div>\n\t\t\t\t<div class=\"elementor-element elementor-element-33d860e9 elementor-shape-square e-grid-align-mobile-center e-grid-align-tablet-left elementor-grid-0 e-grid-align-center elementor-widget elementor-widget-social-icons\" data-id=\"33d860e9\" data-element_type=\"widget\" data-widget_type=\"social-icons.default\">\n\t\t\t\t<div class=\"elementor-widget-container\">\n\t\t\t\t\t\t\t<div class=\"elementor-social-icons-wrapper elementor-grid\" role=\"list\">\n\t\t\t\t\t\t\t<span class=\"elementor-grid-item\" role=\"listitem\">\n\t\t\t\t\t<a class=\"elementor-icon elementor-social-icon elementor-social-icon-facebook-f elementor-repeater-item-421c6ef\" target=\"_blank\">\n\t\t\t\t\t\t<span class=\"elementor-screen-only\">Facebook-f<\/span>\n\t\t\t\t\t\t<i aria-hidden=\"true\" class=\"fab fa-facebook-f\"><\/i>\t\t\t\t\t<\/a>\n\t\t\t\t<\/span>\n\t\t\t\t\t\t\t<span class=\"elementor-grid-item\" role=\"listitem\">\n\t\t\t\t\t<a class=\"elementor-icon elementor-social-icon elementor-social-icon-twitter elementor-repeater-item-e326a70\" target=\"_blank\">\n\t\t\t\t\t\t<span class=\"elementor-screen-only\">Twitter<\/span>\n\t\t\t\t\t\t<i aria-hidden=\"true\" class=\"fab fa-twitter\"><\/i>\t\t\t\t\t<\/a>\n\t\t\t\t<\/span>\n\t\t\t\t\t\t\t<span class=\"elementor-grid-item\" role=\"listitem\">\n\t\t\t\t\t<a class=\"elementor-icon elementor-social-icon elementor-social-icon-instagram elementor-repeater-item-5dea297\" target=\"_blank\">\n\t\t\t\t\t\t<span class=\"elementor-screen-only\">Instagram<\/span>\n\t\t\t\t\t\t<i aria-hidden=\"true\" class=\"fab fa-instagram\"><\/i>\t\t\t\t\t<\/a>\n\t\t\t\t<\/span>\n\t\t\t\t\t\t\t<span class=\"elementor-grid-item\" role=\"listitem\">\n\t\t\t\t\t<a class=\"elementor-icon elementor-social-icon elementor-social-icon-youtube elementor-repeater-item-de2d1c0\" target=\"_blank\">\n\t\t\t\t\t\t<span class=\"elementor-screen-only\">Youtube<\/span>\n\t\t\t\t\t\t<i aria-hidden=\"true\" class=\"fab fa-youtube\"><\/i>\t\t\t\t\t<\/a>\n\t\t\t\t<\/span>\n\t\t\t\t\t<\/div>\n\t\t\t\t\t\t<\/div>\n\t\t\t\t<\/div>\n\t\t\t\t\t<\/div>\n\t\t<\/div>\n\t\t\t\t\t<\/div>\n\t\t<\/section>\n\t\t\t\t<\/div>\n\t\t","protected":false},"excerpt":{"rendered":"<p>PANIAN STANKO (1914 \u2013 2003) Panian Stanko je ro\u0111en 1914. godine u Petrovaradinu. Po zanimanju je bio trgovac, ali se veoma kratko bavio trgovinom, jer se opredelio za p\u010delarstvo, kojim se po\u010deo baviti 1930. godine. Prvu ko\u0161nicu kupio od Urbana Topalovi\u0107a za 200 dinara (1 roj) 1931. godine, i uzimio 1 kom. (amerikanka) sa dosta [&hellip;]<\/p>\n","protected":false},"author":1,"featured_media":0,"parent":0,"menu_order":0,"comment_status":"closed","ping_status":"closed","template":"elementor_header_footer","meta":{"site-sidebar-layout":"no-sidebar","site-content-layout":"page-builder","ast-site-content-layout":"","site-content-style":"default","site-sidebar-style":"default","ast-global-header-display":"","ast-banner-title-visibility":"","ast-main-header-display":"disabled","ast-hfb-above-header-display":"","ast-hfb-below-header-display":"","ast-hfb-mobile-header-display":"","site-post-title":"disabled","ast-breadcrumbs-content":"","ast-featured-img":"disabled","footer-sml-layout":"disabled","theme-transparent-header-meta":"default","adv-header-id-meta":"","stick-header-meta":"","header-above-stick-meta":"","header-main-stick-meta":"","header-below-stick-meta":"","astra-migrate-meta-layouts":"default","ast-page-background-enabled":"default","ast-page-background-meta":{"desktop":{"background-color":"var(--ast-global-color-4)","background-image":"","background-repeat":"repeat","background-position":"center center","background-size":"auto","background-attachment":"scroll","background-type":"","background-media":"","overlay-type":"","overlay-color":"","overlay-opacity":"","overlay-gradient":""},"tablet":{"background-color":"","background-image":"","background-repeat":"repeat","background-position":"center center","background-size":"auto","background-attachment":"scroll","background-type":"","background-media":"","overlay-type":"","overlay-color":"","overlay-opacity":"","overlay-gradient":""},"mobile":{"background-color":"","background-image":"","background-repeat":"repeat","background-position":"center center","background-size":"auto","background-attachment":"scroll","background-type":"","background-media":"","overlay-type":"","overlay-color":"","overlay-opacity":"","overlay-gradient":""}},"ast-content-background-meta":{"desktop":{"background-color":"var(--ast-global-color-5)","background-image":"","background-repeat":"repeat","background-position":"center center","background-size":"auto","background-attachment":"scroll","background-type":"","background-media":"","overlay-type":"","overlay-color":"","overlay-opacity":"","overlay-gradient":""},"tablet":{"background-color":"var(--ast-global-color-5)","background-image":"","background-repeat":"repeat","background-position":"center center","background-size":"auto","background-attachment":"scroll","background-type":"","background-media":"","overlay-type":"","overlay-color":"","overlay-opacity":"","overlay-gradient":""},"mobile":{"background-color":"var(--ast-global-color-5)","background-image":"","background-repeat":"repeat","background-position":"center center","background-size":"auto","background-attachment":"scroll","background-type":"","background-media":"","overlay-type":"","overlay-color":"","overlay-opacity":"","overlay-gradient":""}},"footnotes":""},"class_list":["post-607","page","type-page","status-publish","hentry"],"_links":{"self":[{"href":"https:\/\/pcelarins.org.rs\/index.php?rest_route=\/wp\/v2\/pages\/607","targetHints":{"allow":["GET"]}}],"collection":[{"href":"https:\/\/pcelarins.org.rs\/index.php?rest_route=\/wp\/v2\/pages"}],"about":[{"href":"https:\/\/pcelarins.org.rs\/index.php?rest_route=\/wp\/v2\/types\/page"}],"author":[{"embeddable":true,"href":"https:\/\/pcelarins.org.rs\/index.php?rest_route=\/wp\/v2\/users\/1"}],"replies":[{"embeddable":true,"href":"https:\/\/pcelarins.org.rs\/index.php?rest_route=%2Fwp%2Fv2%2Fcomments&post=607"}],"version-history":[{"count":2,"href":"https:\/\/pcelarins.org.rs\/index.php?rest_route=\/wp\/v2\/pages\/607\/revisions"}],"predecessor-version":[{"id":610,"href":"https:\/\/pcelarins.org.rs\/index.php?rest_route=\/wp\/v2\/pages\/607\/revisions\/610"}],"wp:attachment":[{"href":"https:\/\/pcelarins.org.rs\/index.php?rest_route=%2Fwp%2Fv2%2Fmedia&parent=607"}],"curies":[{"name":"wp","href":"https:\/\/api.w.org\/{rel}","templated":true}]}}